{"version":"1.0","provider_name":"History &amp; Politic","provider_url":"https:\/\/politica.cafeblog.hu","author_name":"kispapa51","author_url":"https:\/\/politica.cafeblog.hu\/author\/kispapa51\/","title":"Hungurok","html":"<p><link rel=\"File-List\" href=\"file:\/\/\/C:\/DOCUME%7E1\/RENDSZ%7E1\/LOCALS%7E1\/Temp\/msoclip1\/01\/clip_filelist.xml\"><!--[if gte mso 9]><xml>  <w:WordDocument>   <w:View>Normal<\/w:View>   <w:Zoom>0<\/w:Zoom>   <w:HyphenationZone>21<\/w:HyphenationZone>   <w:DoNotOptimizeForBrowser\/>  <\/w:WordDocument> <\/xml><![endif]--><style> <!--  \/* Style Definitions *\/ p.MsoNormal, li.MsoNormal, div.MsoNormal \t{mso-style-parent:\"\"; \tmargin:0cm; \tmargin-bottom:.0001pt; \tmso-pagination:widow-orphan; \tfont-size:14.0pt; \tmso-bidi-font-size:10.0pt; \tfont-family:\"Times New Roman\"; \tmso-fareast-font-family:\"Times New Roman\";} p.MsoBodyText, li.MsoBodyText, div.MsoBodyText \t{margin:0cm; \tmargin-bottom:.0001pt; \ttext-align:justify; \tmso-pagination:widow-orphan; \tfont-size:14.0pt; \tmso-bidi-font-size:10.0pt; \tfont-family:\"Times New Roman\"; \tmso-fareast-font-family:\"Times New Roman\";} p.MsoBodyText2, li.MsoBodyText2, div.MsoBodyText2 \t{margin:0cm; \tmargin-bottom:.0001pt; \ttext-align:justify; \tmso-pagination:widow-orphan; \tfont-size:14.0pt; \tmso-bidi-font-size:10.0pt; \tfont-family:\"Times New Roman\"; \tmso-fareast-font-family:\"Times New Roman\"; \tfont-style:italic; \tmso-bidi-font-style:normal;} @page Section1 \t{size:595.3pt 841.9pt; \tmargin:70.85pt 70.85pt 70.85pt 70.85pt; \tmso-header-margin:35.4pt; \tmso-footer-margin:35.4pt; \tmso-paper-source:0;} div.Section1 \t{page:Section1;} --> <\/style>  <\/p><center><img src=\"https:\/\/politica.cafeblog.hu\/files\/Hungurokcikk.jpg\" class=\"blogkep\" align=\"center\"><\/center><p><\/p><p class=\"MsoBodyText\">T\u00e9ny, hogy Habsburg Miksa 1860-as \u00e9vekbeli \"mexik\u00f3i kalandj\u00e1ban\" sok magyar is r\u00e9szt vett. (A korszak t\u00f6rt\u00e9nelm\u00e9nek tragikus epiz\u00f3dj\u00e1nak bizonyult Miksa f\u0151herceg mexik\u00f3i cs\u00e1sz\u00e1rs\u00e1ga (1864\u201367), amikor III. Nap\u00f3leon francia \u00e9s I. Ferenc J\u00f3zsef osztr\u00e1k cs\u00e1sz\u00e1r vil\u00e1ghatalmi j\u00e1tszm\u00e1j\u00e1ban Mexik\u00f3t egy, a francia Cs\u00e1sz\u00e1rs\u00e1ghoz \u00e9s a Habsburg Monarchi\u00e1hoz k\u00f6t\u0151d\u0151 monarchi\u00e1v\u00e1 akart\u00e1k form\u00e1lni. De 1867-ben az ism\u00e9t hatalomra ker\u00fclt k\u00f6zt\u00e1rsas\u00e1giak megfosztott\u00e1k tr\u00f3nj\u00e1t\u00f3l, majd kiv\u00e9gezt\u00e9k Miksa cs\u00e1sz\u00e1rt.) <img src=\"https:\/\/politica.cafeblog.hu\/files\/hungurRomafestmOonyff.jpg\" class=\"blogkep\" align=\"right\"><\/p>  <p class=\"MsoBodyText\">A szoci\u00e1lis kiv\u00e1ndorl\u00e1s az 1880-as \u00e9vekt\u0151l folyt Latin-Amerik\u00e1ba, ahol a hat\u00e1rtalan f\u00f6ldb\u0151s\u00e9g \u00e9s az ottani korm\u00e1nyok biztat\u00e1sa jelentett er\u0151s vonz\u00e1st a magyar f\u00f6ldn\u00e9lk\u00fcliek sz\u00e1m\u00e1ra. Braz\u00edli\u00e1ba 10-12 ezer magyar \u00e9rkezett a XIX. sz\u00e1zad v\u00e9g\u00e9ig. F\u0151leg f\u00f6ldm\u0171vel\u0151k, akik az \u0151serd\u0151kt\u0151l megh\u00f3d\u00edtott f\u00f6ldeken az els\u0151 magyar kol\u00f3ni\u00e1kat is <img src=\"https:\/\/politica.cafeblog.hu\/files\/hungurnUAkff.jpg\" class=\"blogkep\" align=\"left\">l\u00e9trehozt\u00e1k. De a cig\u00e1nyok is nagy lehet\u0151s\u00e9get l\u00e1ttak a tengerent\u00falon. Argent\u00edn\u00e1ban, Uruguayban \u00e9s Mexik\u00f3ban a magyarorsz\u00e1gi v\u00e1ndorcig\u00e1nyok \u00e9s cirkuszok, valamint az \u00f6r\u00f6ml\u00e1nyok \u00e9s le\u00e1nykeresked\u0151k alapozt\u00e1k meg a magyarok rossz h\u00edr\u00e9t a sz\u00e1zadfordul\u00f3n. Tragikus, hogy Mexik\u00f3ban a cig\u00e1nyokat <img src=\"https:\/\/politica.cafeblog.hu\/files\/hungurszOones.jpg\" class=\"blogkep\" align=\"right\">\u201eh\u00fangaros\u201d(azaz magyarok)-nak h\u00edvj\u00e1k, \u00e9s sajnos hossz\u00fa \u00e9vtizedekig pejorat\u00edv jelent\u00e9se volt a kifejez\u00e9snek Latin-Amerik\u00e1ban. A mai jelent\u00f5s mexik\u00f3i roma etnikum nagy r\u00e9sze Magyarorsz\u00e1gr\u00f3l \u00e9rkezett, de k\u00e9s\u00f5bb Rom\u00e1ni\u00e1b\u00f3l, G\u00f6r\u00f6gorsz\u00e1gb\u00f3l, Spanyolorsz\u00e1gb\u00f3l \u00e9s Lengyelorsz\u00e1gb\u00f3l is \u00e1ttelep\u00fcltek cig\u00e1nyok. Amikor a mozg\u00f3k\u00e9p-vet\u00edt\u00e9s elterjedt, Mexik\u00f3ban mind a roma mind a ludar cig\u00e1nys\u00e1g ebben tal\u00e1lta meg gener\u00e1ci\u00f3kon \u00e1t legf\u0151bb meg\u00e9lhet\u00e9si forr\u00e1s\u00e1t. \u00d6szv\u00e9rh\u00e1ton majd kocsikon jutottak el az orsz\u00e1g legeldugottabb helyeire is. Amikor a nyolcvanas \u00e9vekben - a vide\u00f3 \u00e9s a parabola-antenn\u00e1k elterjed\u00e9s\u00e9vel, - ez a vet\u00edt\u0151 tev\u00e9kenys\u00e9g hanyatlott, a rom\u00e1k kis- \u00e9s nagyg\u00e9pek jav\u00edt\u00e1s\u00e1val \u00e9s aut\u00f3k ad\u00e1s-v\u00e9tel\u00e9vel kezdtek foglalkozni. A lud\u00e1rok viszont a vet\u00edt\u0151s\u00e1trakat v\u00e1ndorsz\u00ednh\u00e1zz\u00e1 alak\u00edtott\u00e1k \u00e1t, \u00e9s a tov\u00e1bbiakban mint utcai mutatv\u00e1nyosok, k\u00e1rtyavet\u0151k, j\u00f3sok, medve- \u00e9s majomt\u00e1ncoltat\u00f3k tev\u00e9kenykedtek .<\/p><p><\/p><center><img src=\"https:\/\/politica.cafeblog.hu\/files\/hungurfestmOony.jpg\" class=\"blogkep\" align=\"center\"><\/center><p>  <\/p>","type":"rich"}

<p><link rel="File-List" href="file:///C:/DOCUME%7E1/RENDSZ%7E1/LOCALS%7E1/Temp/msoclip1/01/clip_filelist.xml"><!--[if gte mso 9]><xml>  <w:WordDocument>   <w:View>Normal</w:View>   <w:Zoom>0</w:Zoom>   <w:HyphenationZone>21</w:HyphenationZone>   <w:DoNotOptimizeForBrowser/>  </w:WordDocument> </xml><![endif]--><style> <!--  /* Style Definitions */ p.MsoNormal, li.MsoNormal, div.MsoNormal 	{mso-style-parent:""; 	margin:0cm; 	margin-bottom:.0001pt; 	mso-pagination:widow-orphan; 	font-size:14.0pt; 	mso-bidi-font-size:10.0pt; 	font-family:"Times New Roman"; 	mso-fareast-font-family:"Times New Roman";} p.MsoBodyText, li.MsoBodyText, div.MsoBodyText 	{margin:0cm; 	margin-bottom:.0001pt; 	text-align:justify; 	mso-pagination:widow-orphan; 	font-size:14.0pt; 	mso-bidi-font-size:10.0pt; 	font-family:"Times New Roman"; 	mso-fareast-font-family:"Times New Roman";} p.MsoBodyText2, li.MsoBodyText2, div.MsoBodyText2 	{margin:0cm; 	margin-bottom:.0001pt; 	text-align:justify; 	mso-pagination:widow-orphan; 	font-size:14.0pt; 	mso-bidi-font-size:10.0pt; 	font-family:"Times New Roman"; 	mso-fareast-font-family:"Times New Roman"; 	font-style:italic; 	mso-bidi-font-style:normal;} @page Section1 	{size:595.3pt 841.9pt; 	margin:70.85pt 70.85pt 70.85pt 70.85pt; 	mso-header-margin:35.4pt; 	mso-footer-margin:35.4pt; 	mso-paper-source:0;} div.Section1 	{page:Section1;} --> </style>  </p><center><img src="https://politica.cafeblog.hu/files/Hungurokcikk.jpg" class="blogkep" align="center"></center><p></p><p class="MsoBodyText">Tény, hogy Habsburg Miksa 1860-as évekbeli "mexikói kalandjában" sok magyar is részt vett. (A korszak történelmének tragikus epizódjának bizonyult Miksa főherceg mexikói császársága (1864–67), amikor III. Napóleon francia és I. Ferenc József osztrák császár világhatalmi játszmájában Mexikót egy, a francia Császársághoz és a Habsburg Monarchiához kötődő monarchiává akarták formálni. De 1867-ben az ismét hatalomra került köztársaságiak megfosztották trónjától, majd kivégezték Miksa császárt.) <img src="https://politica.cafeblog.hu/files/hungurRomafestmOonyff.jpg" class="blogkep" align="right"></p>  <p class="MsoBodyText">A szociális kivándorlás az 1880-as évektől folyt Latin-Amerikába, ahol a határtalan földbőség és az ottani kormányok biztatása jelentett erős vonzást a magyar földnélküliek számára. Brazíliába 10-12 ezer magyar érkezett a XIX. század végéig. Főleg földművelők, akik az őserdőktől meghódított földeken az első magyar kolóniákat is <img src="https://politica.cafeblog.hu/files/hungurnUAkff.jpg" class="blogkep" align="left">létrehozták. De a cigányok is nagy lehetőséget láttak a tengerentúlon. Argentínában, Uruguayban és Mexikóban a magyarországi vándorcigányok és cirkuszok, valamint az örömlányok és leánykereskedők alapozták meg a magyarok rossz hírét a századfordulón. Tragikus, hogy Mexikóban a cigányokat <img src="https://politica.cafeblog.hu/files/hungurszOones.jpg" class="blogkep" align="right">„húngaros”(azaz magyarok)-nak hívják, és sajnos hosszú évtizedekig pejoratív jelentése volt a kifejezésnek Latin-Amerikában. A mai jelentõs mexikói roma etnikum nagy része Magyarországról érkezett, de késõbb Romániából, Görögországból, Spanyolországból és Lengyelországból is áttelepültek cigányok. Amikor a mozgókép-vetítés elterjedt, Mexikóban mind a roma mind a ludar cigányság ebben találta meg generációkon át legfőbb megélhetési forrását. Öszvérháton majd kocsikon jutottak el az ország legeldugottabb helyeire is. Amikor a nyolcvanas években - a videó és a parabola-antennák elterjedésével, - ez a vetítő tevékenység hanyatlott, a romák kis- és nagygépek javításával és autók adás-vételével kezdtek foglalkozni. A ludárok viszont a vetítősátrakat vándorszínházzá alakították át, és a továbbiakban mint utcai mutatványosok, kártyavetők, jósok, medve- és majomtáncoltatók tevékenykedtek .</p><p></p><center><img src="https://politica.cafeblog.hu/files/hungurfestmOony.jpg" class="blogkep" align="center"></center><p>  </p>
